{"id":673,"date":"2019-12-10T11:36:30","date_gmt":"2019-12-10T10:36:30","guid":{"rendered":"https:\/\/www.ambulance21.cz\/?page_id=673"},"modified":"2022-08-11T16:47:38","modified_gmt":"2022-08-11T15:47:38","slug":"4-rocnik","status":"publish","type":"page","link":"https:\/\/www.ambulance21.cz\/predchozi-rocniky\/4-rocnik\/","title":{"rendered":"4. ro\u010dn\u00edk"},"content":{"rendered":"[mk_page_section][vc_column][vc_row_inner][vc_column_inner width=&#8220;1\/2&#8243;][vc_column_text]\n<h3 style=\"text-align: center;\">Co \u010dek\u00e1 pacienty i l\u00e9ka\u0159e v\u00a0ambulanc\u00edch?<\/h3>\n<p><strong>Nov\u00fdm impulsem a inspirac\u00ed do dal\u0161\u00edho rozvoje ambulantn\u00edch prax\u00ed se stala 4. celost\u00e1tn\u00ed konference ambulantn\u00ed p\u00e9\u010de. Akce, kter\u00e1 se konala 14. 11. 2019 v Praze, se stala v\u00fdznamn\u00fdm setk\u00e1n\u00edm v\u0161ech, kdo se zaj\u00edmaj\u00ed o rozvoj a podobu medic\u00edny pro 21. stolet\u00ed.<\/strong><\/p>\n<p>Zdravotn\u00edci z \u0159ad l\u00e9ka\u0159\u016f i sester m\u011bli mo\u017enost vyslechnout p\u0159edn\u00e1\u0161ky p\u0159edn\u00edch odborn\u00edk\u016f z kardiologie, gastroenterologie, onkologie a psychologie.<\/p>\n<p>Sekce Nov\u00e9 trendy se v\u011bnovala nap\u0159\u00edklad o\u010dkov\u00e1n\u00ed, kter\u00e9 jednozna\u010dn\u011b sm\u011b\u0159uje i k individualizaci, a chystan\u00e9 transformaci prim\u00e1rn\u00ed p\u00e9\u010de, kter\u00e1 m\u00e1 p\u0159in\u00e9st jej\u00ed vy\u0161\u0161\u00ed dostupnost a z\u00e1rove\u0148 zlep\u0161en\u00ed a standardizaci kvality, jen\u017e je v r\u016fzn\u00fdch oblastech \u010cR dosud nevyrovnan\u00e1. Konference proto p\u0159edstavila ambici\u00f3zn\u00ed pl\u00e1n VZP, nejv\u011bt\u0161\u00ed zdravotn\u00ed poji\u0161\u0165ovny v zemi, kter\u00fd by to m\u011bl zm\u011bnit. Zm\u011bny \u010dekaj\u00ed tak\u00e9 kardiologii, kde se inovace z\u0159ejm\u011b zam\u011b\u0159\u00ed na fibrilace s\u00edn\u00ed a nov\u00e9 metody terapie. Podn\u011bt k dal\u0161\u00edmu v\u00fdvoji p\u0159edstavovaly tak\u00e9 prvn\u00ed zku\u0161enosti z fungov\u00e1n\u00ed Virtu\u00e1ln\u00ed kliniky EUC jako sou\u010d\u00e1sti budoucnosti ambulantn\u00ed p\u00e9\u010de, kter\u00e1 se bez telemedic\u00edny neobejde.<\/p>\n<p>Konkr\u00e9tn\u00edm metod\u00e1m se v\u011bnoval blok soust\u0159ed\u011bn\u00fd na gastroenterologii, a\u0165 u\u017e p\u0159i l\u00e9\u010db\u011b \u017elu\u010dov\u00fdch kamen\u016f, nemoc\u00ed jater a st\u0159ev v\u010detn\u011b divertikulitidy a karcinomu, nebo refluxn\u00ed choroby j\u00edcnu. Z\u00e1v\u011bre\u010dn\u00e1 \u010d\u00e1st konference p\u0159inesla praktick\u00e9 poznatky z postup\u016f p\u0159i protonov\u00e9 l\u00e9\u010db\u011b karcinomu prsu a jejich benefit\u016f pro jednotliv\u00e9 skupiny pacient\u016f. \u00da\u010dastn\u00edci rovn\u011b\u017e z\u00edskali cenn\u00e9 rady, jak komunikovat s onkologick\u00fdm pacientem a jeho rodinou. \u010c\u00e1st v\u011bnovan\u00e1 adiktologii apelovala zejm\u00e9na na praktiky, aby k pacient\u016fm p\u0159istupovali aktivn\u011bji a vyhled\u00e1vali ty, kte\u0159\u00ed jsou ohro\u017eeni z\u00e1vislostmi.<\/p>\n<p>Odborn\u00e9 p\u0159edn\u00e1\u0161ky doplnil i doprovodn\u00fd program v podob\u011b u\u017eite\u010dn\u00fdch workshop\u016f s t\u00e9maty aktu\u00e1ln\u00ed postupy v KPR, modern\u00ed podoba RDG pracovi\u0161t\u011b a z\u00e1chran\u00e1\u0159stv\u00ed v ambulanci. Tradi\u010dn\u00ed sou\u010d\u00e1st\u00ed akce bylo i slavnostn\u00ed p\u0159ed\u00e1n\u00ed v\u00fdro\u010dn\u00edch Cen prof. Franti\u0161ka K\u00f6lbela.<\/p>\n<p>Konferenci za podpory zdravotnick\u00e9 skupiny EUC po\u0159\u00e1dala agentura We Make Media.[\/vc_column_text][\/vc_column_inner][vc_column_inner width=&#8220;1\/2&#8243;][vc_column_text]\n<h2>Program<\/h2>\n<h3>DOPOLEDN\u00cd \u010c\u00c1ST<\/h3>\n<p>08:00\u201309:00 registrace<\/p>\n<p>09:00\u201309:10 zah\u00e1jen\u00ed konference<\/p>\n<h3><strong>NOV\u00c9 TRENDY<\/strong><\/h3>\n<p>09:10\u201309:30 O\u010dkov\u00e1n\u00ed z pohledu imunologa<br \/>\n<strong> prof. MUDr. Ji\u0159ina Bart\u016f\u0148kov\u00e1, DrSc., MBA<\/strong><\/p>\n<p>09:30\u201309:50 Transformace prim\u00e1rn\u00ed p\u00e9\u010de<br \/>\n<strong> Ing. David \u0160mehl\u00edk, MHA<\/strong><\/p>\n<p>09:50\u201310:10 Virtu\u00e1ln\u00ed klinika EUC<br \/>\n<strong> Mgr. Daniel Soukup, MBA<\/strong><\/p>\n<p>10:10\u201310:30 Vyu\u017eit\u00ed poznatk\u016f hum\u00e1nn\u00ed chronobiologie v klinick\u00e9 praxi<br \/>\n<strong> doc. MUDr. Petr Smol\u00edk, CSc.<\/strong><\/p>\n<p>10:30\u201310:50 Coffee break<\/p>\n<h3><strong>KARDIOLOGIE<\/strong><\/h3>\n<p>10:50\u201311:10 Jak zdrav\u011b h\u0159e\u0161it<br \/>\n<strong> MUDr. Milo\u0161 Dobi\u00e1\u0161<\/strong><\/p>\n<p>11:10\u201311:40 Kam kr\u00e1\u010d\u00ed\u0161, \u010desk\u00e1 kardiologie?<br \/>\n<strong> prof. MUDr. Petr Neu\u017eil, CSc., FESC<\/strong><\/p>\n<p>11:40\u201311:50 Slavnostn\u00ed p\u0159ed\u00e1n\u00ed v\u00fdro\u010dn\u00ed Ceny prof. Franti\u0161ka K\u00f6lbela<\/p>\n<p>11:50\u201312:50 ob\u011bd<\/p>\n<p>&nbsp;<\/p>\n<h3>ODPOLEDN\u00cd \u010c\u00c1ST<\/h3>\n<h3><strong>GASTROENTEROLOGIE<\/strong><\/h3>\n<p>12:50\u201313:10 Choleliti\u00e1za \u2013 \u017elu\u010dov\u00e9 kameny v ka\u017edodenn\u00ed praxi<br \/>\n<strong> MUDr. Michal Pro\u010dke<\/strong><\/p>\n<p>13:10\u201313:40 NASH (nealkoholick\u00e1 steatohepatitida) a screening hepatocelul\u00e1rn\u00edho karcinomu a akutn\u00ed divertikulitida a sekund\u00e1rn\u00ed prevence<br \/>\n<strong> MUDr. Petra Ryckov\u00e1<\/strong><\/p>\n<p>13:40\u201314:00 Refluxn\u00ed choroba j\u00edcnu a br\u00e1ni\u010dn\u00ed d\u00fdch\u00e1n\u00ed<br \/>\n<strong> MUDr. Petr Brandtl<\/strong><\/p>\n<p>14:00\u201314:20 Coffee break<\/p>\n<h3><strong>ONKOLOGIE a PSYCHOLOGIE<\/strong><\/h3>\n<p>14:20\u201314:50 Protonov\u00e1 radioterapie v l\u00e9\u010db\u011b karcinomu prsu<br \/>\n<strong> MUDr. Andrea P\u00e1sztorov\u00e1<\/strong><\/p>\n<p>14:50\u201315:10 Komunikace s onkologick\u00fdm pacientem. Psychohygiena.<br \/>\n<strong> Mgr. Marie Zemanov\u00e1<\/strong><\/p>\n<p>15:10\u201315:30 Adiktologie z pohledu kr\u00e1tk\u00e9 intervence<br \/>\n<strong> Mgr. Ale\u0161 Kuda<\/strong><\/p>\n<p>15:30 Zakon\u010den\u00ed konference<\/p>\n<p>&nbsp;<\/p>\n<h2>PARALELN\u00cd PROGRAM<\/h2>\n<h3>Aktu\u00e1ln\u00ed postupy v KPR<\/h3>\n<p><strong>Lekto\u0159i: Bc. Zden\u011bk Jind\u0159\u00ed\u0161ek, DiS., Mgr. Krist\u00fdna Fejfarov\u00e1<\/strong><br \/>\nWorkshop bude zam\u011b\u0159en na n\u00e1cvik z\u00e1kladn\u00edch resuscita\u010dn\u00edch postup\u016f vyu\u017eiteln\u00fdch v ambulantn\u00ed sf\u00e9\u0159e poskytovatel\u016f zdravotn\u00ed p\u00e9\u010de, a to pod veden\u00edm lektora s certifikac\u00ed ALS (Advanced Life Support) od ERC.<\/p>\n<p>Ka\u017ed\u00fd term\u00edn workshopu je kapacitn\u011b omezen na 6 osob.<\/p>\n<p>\u010casy kon\u00e1n\u00ed:<\/p>\n<p>09:00\u201310:00<br \/>\n10:10\u201311:10<br \/>\n12:50\u201313:50<br \/>\n13:50\u201314:50<\/p>\n<h3>Co nab\u00edz\u00ed modern\u00ed RDG pracovi\u0161t\u011b?<\/h3>\n<p>Workshop odpov\u00ed (nejen) na tyto ot\u00e1zky:<br \/>\nFunguje digit\u00e1ln\u00ed rentgen jako v\u00e1\u0161 mobil?<br \/>\nNov\u00fd (digit\u00e1ln\u00ed) pohled na pl\u00edce a kosti pacienta<br \/>\nJe digit\u00e1ln\u00ed rentgenov\u00e9 z\u00e1\u0159en\u00ed m\u00e9n\u011b \u0161kodliv\u00e9?<\/p>\n<p>Term\u00edn workshopu je kapacitn\u011b omezen na 22 osob.<\/p>\n<p>\u010cas kon\u00e1n\u00ed:<\/p>\n<p>10:40\u201310:55<\/p>\n<h3>Z\u00e1chran\u00e1\u0159 v ambulanci<\/h3>\n<p><strong>V\u00edt Samek<\/strong><br \/>\nBeseda se z\u00e1chran\u00e1\u0159em a blogerem V\u00edtem Samkem nejen o tom, jak p\u0159ipravit akutn\u00edho pacienta k p\u0159evozu sanitkou. Moderuje Ond\u0159ej J\u00e9gl (pracuje jako zdravotn\u00ed sestra), ocen\u011bn\u00fd Cenou prof. Franti\u0161ka K\u00f6lbela v roce 2018.<\/p>\n<p>Term\u00edn workshopu je kapacitn\u011b omezen na 22 osob.<\/p>\n<p>\u010cas kon\u00e1n\u00ed:<\/p>\n<p>12:50\u201313:30[\/vc_column_text][\/vc_column_inner][\/vc_row_inner][vc_row_inner][vc_column_inner][vc_column_text]\n<h3>Fotogalerie<\/h3>\n[\/vc_column_text][vc_images_carousel images=&#8220;684,685,686,687,688,689,690,691,692,693,694,695,696,697,698,699,700,701,702&#8243; img_size=&#8220;full&#8220; slides_per_view=&#8220;6&#8243; hide_pagination_control=&#8220;yes&#8220; wrap=&#8220;yes&#8220;][\/vc_column_inner][\/vc_row_inner][\/vc_column][\/mk_page_section][mk_padding_divider size=&#8220;170&#8243;][vc_row_inner][vc_column_inner][vc_column_text align=&#8220;center&#8220;]\n<h4>GENER\u00c1LN\u00cd PARTNER<\/h4>\n[\/vc_column_text][vc_single_image image=&#8220;7&#8243; alignment=&#8220;center&#8220; onclick=&#8220;custom_link&#8220; img_link_target=&#8220;_blank&#8220; link=&#8220;https:\/\/www.euc.cz\/&#8220;][\/vc_column_inner][\/vc_row_inner][mk_padding_divider size=&#8220;80&#8243;][vc_row_inner][vc_column_inner el_class=&#8220;PARTNE\u0158I&#8220;][vc_column_text]\n<h3 style=\"text-align: center;\">PARTNE\u0158I<\/h3>\n[\/vc_column_text][mk_padding_divider][\/vc_column_inner][vc_column_inner width=&#8220;1\/4&#8243;][vc_single_image image=&#8220;19&#8243; alignment=&#8220;center&#8220; onclick=&#8220;custom_link&#8220; img_link_target=&#8220;_blank&#8220; link=&#8220;http:\/\/medicalc.cz\/&#8220;][\/vc_column_inner][vc_column_inner width=&#8220;1\/4&#8243;][vc_single_image image=&#8220;278&#8243; img_size=&#8220;medium&#8220; onclick=&#8220;custom_link&#8220; link=&#8220;https:\/\/www.renomia.cz\/&#8220;][\/vc_column_inner][vc_column_inner width=&#8220;1\/4&#8243;][vc_single_image image=&#8220;22&#8243; img_size=&#8220;full&#8220; alignment=&#8220;center&#8220; onclick=&#8220;custom_link&#8220; link=&#8220;https:\/\/www.vzp.cz\/&#8220;][\/vc_column_inner][vc_column_inner width=&#8220;1\/4&#8243;][\/vc_column_inner][\/vc_row_inner][mk_padding_divider size=&#8220;80&#8243;][vc_row_inner][vc_column_inner el_class=&#8220;PARTNE\u0158I&#8220;][vc_column_text]\n<h3 style=\"text-align: center;\">VYSTAVOVATEL\u00c9 A OSTATN\u00cd SPONZO\u0158I<\/h3>\n[\/vc_column_text][mk_padding_divider][\/vc_column_inner][vc_column_inner width=&#8220;1\/4&#8243;][vc_single_image image=&#8220;589&#8243; img_size=&#8220;medium&#8220; onclick=&#8220;custom_link&#8220; img_link_target=&#8220;_blank&#8220; link=&#8220;https:\/\/www.altreva.cz\/cs\/&#8220;][\/vc_column_inner][vc_column_inner width=&#8220;1\/4&#8243;][vc_single_image image=&#8220;20&#8243; img_size=&#8220;medium&#8220; onclick=&#8220;custom_link&#8220; link=&#8220;https:\/\/www.apatykaservis.cz\/&#8220;][\/vc_column_inner][vc_column_inner width=&#8220;1\/4&#8243;][vc_single_image image=&#8220;554&#8243; img_size=&#8220;medium&#8220; alignment=&#8220;center&#8220; onclick=&#8220;custom_link&#8220; link=&#8220;https:\/\/www.samsunghealthcare.com\/en;jsessionid=40E862A1DE0C9BCDC6D74F573B79E132&#8243;][\/vc_column_inner][vc_column_inner width=&#8220;1\/4&#8243;][vc_single_image image=&#8220;559&#8243; img_size=&#8220;200&#215;100&#8243; alignment=&#8220;center&#8220; onclick=&#8220;custom_link&#8220; link=&#8220;https:\/\/hartmann.info\/cs-cz&#8220;][\/vc_column_inner][\/vc_row_inner][mk_padding_divider size=&#8220;30&#8243;][vc_row_inner][vc_column_inner width=&#8220;1\/4&#8243;][vc_single_image image=&#8220;577&#8243; img_size=&#8220;medium&#8220; onclick=&#8220;custom_link&#8220; link=&#8220;https:\/\/medicton.com\/ &#8222;][\/vc_column_inner][vc_column_inner width=&#8220;1\/4&#8243;][vc_single_image image=&#8220;93&#8243; img_size=&#8220;medium&#8220; onclick=&#8220;custom_link&#8220; link=&#8220;https:\/\/www.roche.cz\/&#8220;][\/vc_column_inner][vc_column_inner width=&#8220;1\/4&#8243;][\/vc_column_inner][vc_column_inner width=&#8220;1\/4&#8243;][\/vc_column_inner][\/vc_row_inner]\n","protected":false},"excerpt":{"rendered":"<p>[mk_page_section][vc_column][vc_row_inner][vc_column_inner width=&#8220;1\/2&#8243;][vc_column_text] Co \u010dek\u00e1 pacienty i l\u00e9ka\u0159e v\u00a0ambulanc\u00edch? Nov\u00fdm impulsem a inspirac\u00ed do dal\u0161\u00edho rozvoje ambulantn\u00edch prax\u00ed se stala 4. celost\u00e1tn\u00ed konference ambulantn\u00ed p\u00e9\u010de. Akce, kter\u00e1 se konala 14. 11. 2019 v Praze, se stala v\u00fdznamn\u00fdm setk\u00e1n\u00edm v\u0161ech, kdo se zaj\u00edmaj\u00ed o rozvoj a podobu medic\u00edny pro 21. stolet\u00ed. Zdravotn\u00edci z \u0159ad l\u00e9ka\u0159\u016f i sester [&hellip;]<\/p>\n","protected":false},"author":10,"featured_media":0,"parent":34,"menu_order":0,"comment_status":"closed","ping_status":"closed","template":"","meta":{"footnotes":""},"_links":{"self":[{"href":"https:\/\/www.ambulance21.cz\/wp-json\/wp\/v2\/pages\/673"}],"collection":[{"href":"https:\/\/www.ambulance21.cz\/wp-json\/wp\/v2\/pages"}],"about":[{"href":"https:\/\/www.ambulance21.cz\/wp-json\/wp\/v2\/types\/page"}],"author":[{"embeddable":true,"href":"https:\/\/www.ambulance21.cz\/wp-json\/wp\/v2\/users\/10"}],"replies":[{"embeddable":true,"href":"https:\/\/www.ambulance21.cz\/wp-json\/wp\/v2\/comments?post=673"}],"version-history":[{"count":14,"href":"https:\/\/www.ambulance21.cz\/wp-json\/wp\/v2\/pages\/673\/revisions"}],"predecessor-version":[{"id":712,"href":"https:\/\/www.ambulance21.cz\/wp-json\/wp\/v2\/pages\/673\/revisions\/712"}],"up":[{"embeddable":true,"href":"https:\/\/www.ambulance21.cz\/wp-json\/wp\/v2\/pages\/34"}],"wp:attachment":[{"href":"https:\/\/www.ambulance21.cz\/wp-json\/wp\/v2\/media?parent=673"}],"curies":[{"name":"wp","href":"https:\/\/api.w.org\/{rel}","templated":true}]}}