{"id":34,"date":"2017-08-01T07:13:35","date_gmt":"2017-08-01T06:13:35","guid":{"rendered":"http:\/\/ambulance2018.cz\/?page_id=34"},"modified":"2022-11-22T21:45:22","modified_gmt":"2022-11-22T20:45:22","slug":"predchozi-rocniky","status":"publish","type":"page","link":"https:\/\/www.ambulance21.cz\/predchozi-rocniky\/","title":{"rendered":"P\u0159edchoz\u00ed ro\u010dn\u00edky"},"content":{"rendered":"[mk_page_section][vc_column][mk_padding_divider][vc_column_text]\n<h3 style=\"text-align: left;\">6. CELOST\u00c1TN\u00cd KONFERENCE AMBULANTN\u00cd P\u00c9\u010cE<\/h3>\n<p>\u0160est\u00fd ro\u010dn\u00edk celost\u00e1tn\u00ed konference ambulantn\u00ed p\u00e9\u010de, ur\u010den\u00fd l\u00e9ka\u0159\u016fm a sestr\u00e1m, se konal v \u00fater\u00fd 18. \u0159\u00edjna 2022 v prostor\u00e1ch \u00dastavu molekul\u00e1rn\u00ed genetiky na adrese: V\u00edde\u0148sk\u00e1 1083, Praha 4 \u2013 Kr\u010d. Konference se z\u00fa\u010dastnilo p\u0159es 160 \u00fa\u010dastn\u00edk\u016f a gener\u00e1ln\u00edm partnerem byla, stejn\u011b jako v minul\u00fdch letech, spole\u010dnost EUC.<\/p>\n<p style=\"text-align: right;\"><a href=\"https:\/\/www.ambulance21.cz\/predchozi-rocniky\/6-rocnik\/\">V\u00edce<\/a><\/p>\n<h3 style=\"text-align: left;\"><\/h3>\n[\/vc_column_text][vc_column_text]\n<h3 style=\"text-align: left;\">5. CELOST\u00c1TN\u00cd KONFERENCE AMBULANTN\u00cd P\u00c9\u010cE<\/h3>\n<p>P\u00e1t\u00fd\u00a0ro\u010dn\u00edk celost\u00e1tn\u00ed konference ambulantn\u00ed p\u00e9\u010de, ur\u010den\u00fd l\u00e9ka\u0159\u016fm a sestr\u00e1m, se konal v\u00a0\u00fater\u00fd 14. z\u00e1\u0159\u00ed 2021 nov\u011b v prostor\u00e1ch \u00dastavu molekul\u00e1rn\u00ed genetiky na adrese: V\u00edde\u0148sk\u00e1 1083, Praha 4 &#8211; Kr\u010d.\u00a0Konference se z\u00fa\u010dastnilo\u00a0bezm\u00e1la 130 \u00fa\u010dastn\u00edk\u016f a gener\u00e1ln\u00edm partnerem byla, stejn\u011b jako v minul\u00fdch letech, spole\u010dnost EUC.<\/p>\n<p style=\"text-align: right;\"><a href=\"https:\/\/www.ambulance21.cz\/predchozi-rocniky\/5-rocnik\/\">V\u00edce<\/a><\/p>\n<h3 style=\"text-align: left;\"><\/h3>\n[\/vc_column_text][vc_column_text]\n<h3 style=\"text-align: left;\">4. CELOST\u00c1TN\u00cd KONFERENCE AMBULANTN\u00cd P\u00c9\u010cE<\/h3>\n<p>\u010ctvrt\u00fd\u00a0ro\u010dn\u00edk celost\u00e1tn\u00ed konference ambulantn\u00ed p\u00e9\u010de, ur\u010den\u00fd l\u00e9ka\u0159\u016fm a sestr\u00e1m, se konal ve \u010dtvrtek 14. listopadu 2019 op\u011bt v prostor\u00e1ch OK syst\u00e9m na adrese: Na Pankr\u00e1ci 1690\/125, Praha 4. Konference se z\u00fa\u010dastnilo\u00a0bezm\u00e1la 200 \u00fa\u010dastn\u00edk\u016f a gener\u00e1ln\u00edm partnerem byla, stejn\u011b jako v minul\u00fdch letech, spole\u010dnost EUC.<\/p>\n<p style=\"text-align: right;\"><a href=\"https:\/\/www.ambulance21.cz\/predchozi-rocniky\/4-rocnik\/\">V\u00edce<\/a><\/p>\n<h3 style=\"text-align: left;\"><\/h3>\n[\/vc_column_text][vc_column_text]\n<h3 style=\"text-align: left;\">3. CELOST\u00c1TN\u00cd KONFERENCE AMBULANTN\u00cd P\u00c9\u010cE<\/h3>\n<p>T\u0159et\u00ed ro\u010dn\u00edk celost\u00e1tn\u00ed konference ambulantn\u00ed p\u00e9\u010de, ur\u010den\u00fd l\u00e9ka\u0159\u016fm a sestr\u00e1m, se konal ve \u010dtvrtek 15. listopadu 2018 op\u011bt v prostor\u00e1ch OK syst\u00e9m na adrese: Na Pankr\u00e1ci 1690\/125, Praha 4. Konference se z\u00fa\u010dastnilo celkem p\u0159es 200 \u00fa\u010dastn\u00edk\u016f a gener\u00e1ln\u00edm partnerem byla i v leto\u0161n\u00edm ro\u010dn\u00edku spole\u010dnost EUC.<\/p>\n<p style=\"text-align: right;\"><a href=\"https:\/\/www.ambulance21.cz\/predchozi-rocniky\/3-rocnik\/\">V\u00edce<\/a><\/p>\n<h3 style=\"text-align: left;\"><\/h3>\n[\/vc_column_text][vc_column_text]\n<h3 style=\"text-align: left;\">2. CELOST\u00c1TN\u00cd KONFERENCE AMBULANTN\u00cd P\u00c9\u010cE<\/h3>\n<p>Druh\u00fd ro\u010dn\u00edk celost\u00e1tn\u00ed konference ambulantn\u00ed p\u00e9\u010de, ur\u010den\u00fd l\u00e9ka\u0159\u016fm a sestr\u00e1m, se konal ve \u010dtvrtek 2. listopadu 2017 v prostor\u00e1ch OK syst\u00e9m na adrese: Na Pankr\u00e1ci 1690\/125, Praha 4. Konference se z\u00fa\u010dastnilo 153 \u00fa\u010dastn\u00edk\u016f v\u010d. organiza\u010dn\u00edho v\u00fdrobu, p\u0159edn\u00e1\u0161ej\u00edc\u00edch a vystavovatel\u016f.<\/p>\n<p style=\"text-align: right;\"><a href=\"https:\/\/www.ambulance21.cz\/predchozi-rocniky\/2-rocnik\/\">V\u00edce<\/a><\/p>\n<h3 style=\"text-align: left;\"><\/h3>\n[\/vc_column_text][vc_column_text]\n<h3 style=\"text-align: left;\">1. CELOST\u00c1TN\u00cd KONFERENCE AMBULANTN\u00cd P\u00c9\u010cE<\/h3>\n<p>Prvn\u00ed celost\u00e1tn\u00ed konference o ambulantn\u00ed p\u00e9\u010di prob\u011bhla ve \u010dtvrtek 3.\u00a0listopadu v pra\u017esk\u00e9m kongresov\u00e9m centru Vavru\u0161ka. Gener\u00e1ln\u00edm partnerem byla spole\u010dnost EUC.<\/p>\n<p style=\"text-align: right;\"><a href=\"https:\/\/www.ambulance21.cz\/predchozi-rocniky\/1-rocnik\/\">V\u00edce<\/a><\/p>\n[\/vc_column_text][\/vc_column][\/mk_page_section]\n","protected":false},"excerpt":{"rendered":"<p>[mk_page_section][vc_column][mk_padding_divider][vc_column_text] 6. CELOST\u00c1TN\u00cd KONFERENCE AMBULANTN\u00cd P\u00c9\u010cE \u0160est\u00fd ro\u010dn\u00edk celost\u00e1tn\u00ed konference ambulantn\u00ed p\u00e9\u010de, ur\u010den\u00fd l\u00e9ka\u0159\u016fm a sestr\u00e1m, se konal v \u00fater\u00fd 18. \u0159\u00edjna 2022 v prostor\u00e1ch \u00dastavu molekul\u00e1rn\u00ed genetiky na adrese: V\u00edde\u0148sk\u00e1 1083, Praha 4 \u2013 Kr\u010d. Konference se z\u00fa\u010dastnilo p\u0159es 160 \u00fa\u010dastn\u00edk\u016f a gener\u00e1ln\u00edm partnerem byla, stejn\u011b jako v minul\u00fdch letech, spole\u010dnost EUC. V\u00edce [\/vc_column_text][vc_column_text] [&hellip;]<\/p>\n","protected":false},"author":5,"featured_media":0,"parent":0,"menu_order":0,"comment_status":"closed","ping_status":"closed","template":"","meta":{"footnotes":""},"_links":{"self":[{"href":"https:\/\/www.ambulance21.cz\/wp-json\/wp\/v2\/pages\/34"}],"collection":[{"href":"https:\/\/www.ambulance21.cz\/wp-json\/wp\/v2\/pages"}],"about":[{"href":"https:\/\/www.ambulance21.cz\/wp-json\/wp\/v2\/types\/page"}],"author":[{"embeddable":true,"href":"https:\/\/www.ambulance21.cz\/wp-json\/wp\/v2\/users\/5"}],"replies":[{"embeddable":true,"href":"https:\/\/www.ambulance21.cz\/wp-json\/wp\/v2\/comments?post=34"}],"version-history":[{"count":16,"href":"https:\/\/www.ambulance21.cz\/wp-json\/wp\/v2\/pages\/34\/revisions"}],"predecessor-version":[{"id":1370,"href":"https:\/\/www.ambulance21.cz\/wp-json\/wp\/v2\/pages\/34\/revisions\/1370"}],"wp:attachment":[{"href":"https:\/\/www.ambulance21.cz\/wp-json\/wp\/v2\/media?parent=34"}],"curies":[{"name":"wp","href":"https:\/\/api.w.org\/{rel}","templated":true}]}}

Předchozí ročníky

[mk_page_section][vc_column][mk_padding_divider][vc_column_text]
<h3 style="text-align: left;">6. CELOSTÁTNÍ KONFERENCE AMBULANTNÍ PÉČE</h3>
<p>Šestý ročník celostátní konference ambulantní péče, určený lékařům a sestrám, se konal v úterý 18. října 2022 v prostorách Ústavu molekulární genetiky na adrese: Vídeňská 1083, Praha 4 – Krč. Konference se zúčastnilo přes 160 účastníků a generálním partnerem byla, stejně jako v minulých letech, společnost EUC.</p>
<p style="text-align: right;"><a href="https://www.ambulance21.cz/predchozi-rocniky/6-rocnik/">Více</a></p>
<h3 style="text-align: left;"></h3>
[/vc_column_text][vc_column_text]
<h3 style="text-align: left;">5. CELOSTÁTNÍ KONFERENCE AMBULANTNÍ PÉČE</h3>
<p>Pátý ročník celostátní konference ambulantní péče, určený lékařům a sestrám, se konal v úterý 14. září 2021 nově v prostorách Ústavu molekulární genetiky na adrese: Vídeňská 1083, Praha 4 &#8211; Krč. Konference se zúčastnilo bezmála 130 účastníků a generálním partnerem byla, stejně jako v minulých letech, společnost EUC.</p>
<p style="text-align: right;"><a href="https://www.ambulance21.cz/predchozi-rocniky/5-rocnik/">Více</a></p>
<h3 style="text-align: left;"></h3>
[/vc_column_text][vc_column_text]
<h3 style="text-align: left;">4. CELOSTÁTNÍ KONFERENCE AMBULANTNÍ PÉČE</h3>
<p>Čtvrtý ročník celostátní konference ambulantní péče, určený lékařům a sestrám, se konal ve čtvrtek 14. listopadu 2019 opět v prostorách OK systém na adrese: Na Pankráci 1690/125, Praha 4. Konference se zúčastnilo bezmála 200 účastníků a generálním partnerem byla, stejně jako v minulých letech, společnost EUC.</p>
<p style="text-align: right;"><a href="https://www.ambulance21.cz/predchozi-rocniky/4-rocnik/">Více</a></p>
<h3 style="text-align: left;"></h3>
[/vc_column_text][vc_column_text]
<h3 style="text-align: left;">3. CELOSTÁTNÍ KONFERENCE AMBULANTNÍ PÉČE</h3>
<p>Třetí ročník celostátní konference ambulantní péče, určený lékařům a sestrám, se konal ve čtvrtek 15. listopadu 2018 opět v prostorách OK systém na adrese: Na Pankráci 1690/125, Praha 4. Konference se zúčastnilo celkem přes 200 účastníků a generálním partnerem byla i v letošním ročníku společnost EUC.</p>
<p style="text-align: right;"><a href="https://www.ambulance21.cz/predchozi-rocniky/3-rocnik/">Více</a></p>
<h3 style="text-align: left;"></h3>
[/vc_column_text][vc_column_text]
<h3 style="text-align: left;">2. CELOSTÁTNÍ KONFERENCE AMBULANTNÍ PÉČE</h3>
<p>Druhý ročník celostátní konference ambulantní péče, určený lékařům a sestrám, se konal ve čtvrtek 2. listopadu 2017 v prostorách OK systém na adrese: Na Pankráci 1690/125, Praha 4. Konference se zúčastnilo 153 účastníků vč. organizačního výrobu, přednášejících a vystavovatelů.</p>
<p style="text-align: right;"><a href="https://www.ambulance21.cz/predchozi-rocniky/2-rocnik/">Více</a></p>
<h3 style="text-align: left;"></h3>
[/vc_column_text][vc_column_text]
<h3 style="text-align: left;">1. CELOSTÁTNÍ KONFERENCE AMBULANTNÍ PÉČE</h3>
<p>První celostátní konference o ambulantní péči proběhla ve čtvrtek 3. listopadu v pražském kongresovém centru Vavruška. Generálním partnerem byla společnost EUC.</p>
<p style="text-align: right;"><a href="https://www.ambulance21.cz/predchozi-rocniky/1-rocnik/">Více</a></p>
[/vc_column_text][/vc_column][/mk_page_section]

<p>[mk_page_section][vc_column][mk_padding_divider][vc_column_text] 6. CELOSTÁTNÍ KONFERENCE AMBULANTNÍ PÉČE Šestý ročník celostátní konference ambulantní péče, určený lékařům a sestrám, se konal v úterý 18. října 2022 v prostorách Ústavu molekulární genetiky na adrese: Vídeňská 1083, Praha 4 – Krč. Konference se zúčastnilo přes 160 účastníků a generálním partnerem byla, stejně jako v minulých letech, společnost EUC. Více [/vc_column_text][vc_column_text] [&hellip;]</p>
