{"id":18,"date":"2017-07-27T13:06:34","date_gmt":"2017-07-27T12:06:34","guid":{"rendered":"http:\/\/ambulance21.cz\/?page_id=18"},"modified":"2022-08-11T16:46:46","modified_gmt":"2022-08-11T15:46:46","slug":"2-rocnik","status":"publish","type":"page","link":"https:\/\/www.ambulance21.cz\/predchozi-rocniky\/2-rocnik\/","title":{"rendered":"2. ro\u010dn\u00edk"},"content":{"rendered":"[mk_page_section][vc_column][vc_row_inner][vc_column_inner width=&#8220;1\/2&#8243;][vc_column_text]\n<h3 style=\"text-align: center;\">2. CELOST\u00c1TN\u00cd KONFERENCE AMBULANTN\u00cd P\u00c9\u010cE<\/h3>\n<p>Druh\u00fd ro\u010dn\u00edk celost\u00e1tn\u00ed konference ambulantn\u00ed p\u00e9\u010de, ur\u010den\u00fd l\u00e9ka\u0159\u016fm a sestr\u00e1m, se konal ve \u010dtvrtek 2. listopadu 2017 v prostor\u00e1ch OK syst\u00e9m na adrese: Na Pankr\u00e1ci 1690\/125, Praha 4. Konference se z\u00fa\u010dastnilo 153 \u00fa\u010dastn\u00edk\u016f v\u010d. organiza\u010dn\u00edho v\u00fdrobu, p\u0159edn\u00e1\u0161ej\u00edc\u00edch a vystavovatel\u016f.<\/p>\n<p>P\u0159edn\u00e1\u0161ky druh\u00e9ho ro\u010dn\u00edku konference byly na aktu\u00e1ln\u00ed t\u00e9mata, jmenujme nap\u0159.: elektronizace zdravotnictv\u00ed, porovn\u00e1n\u00ed pr\u00e1ce praktick\u00e9ho l\u00e9ka\u0159e v \u010cR a UK, role sestry v edukaci diabetika, pr\u00e1vn\u00ed aspekty poskytov\u00e1n\u00ed zdravotn\u00ed p\u00e9\u010de v ambulantn\u00ed p\u00e9\u010di, l\u00e9ka\u0159sk\u00e1 etika, biomedic\u00edna, cestovn\u00ed medic\u00edna a o\u010dkov\u00e1n\u00ed, \u010di humor v \u017eivot\u011b a medic\u00edn\u011b.[\/vc_column_text][\/vc_column_inner][vc_column_inner width=&#8220;1\/2&#8243;][vc_column_text]\n<h3>Program<\/h3>\n<h4>09:00 &#8211; 09:10 Slavnostn\u00ed zah\u00e1jen\u00ed<\/h4>\n<p><span style=\"color: #777777;\"><strong>Ing. Jan Bla\u0161ko, MBA, prof. MUDr. Tom\u00e1\u0161 Zima, DrSc., rektor Univerzity Karlovy v Praze<\/strong><\/span><\/p>\n<h3><span style=\"color: #e30d7d;\">09:10 &#8211; 09:40 BLOK I.<\/span><\/h3>\n<h4>E-HEALTH v \u010cR dnes a z\u00edtra<\/h4>\n<p><span style=\"color: #777777;\"><strong>09:10 &#8211; 09:40 MUDr. Cyril Mucha<\/strong><\/span><br \/>\nSou\u010dasn\u00e9 trendy v elektronizaci zdravotnictv\u00ed. <em>Pomoc, nebo koule na noze?<\/em><\/p>\n<h3><span style=\"color: #e30d7d;\">09:40 &#8211; 10:50 BLOK II.<\/span><\/h3>\n<h4>V\u0161eobecn\u00e9 praktick\u00e9 l\u00e9ka\u0159stv\u00ed a ambulantn\u00ed p\u00e9\u010de<\/h4>\n<p><span style=\"color: #777777;\"><strong>09:40 &#8211; 10:00 doc. MUDr. Bohumil Seifert, Ph.D.<\/strong><\/span><br \/>\nRole praktick\u00e9ho l\u00e9ka\u0159e v kardiometabolick\u00e9 a n\u00e1dorov\u00e9 prevenci<br \/>\n<span style=\"color: #777777;\"><strong>10:00 &#8211; 10:20 doc. MUDr. Petr Val\u00e1\u0161ek, Ph.D.<\/strong><\/span><br \/>\nRozd\u00edly v prim\u00e1rn\u00ed p\u00e9\u010di v Anglii a v \u010cesk\u00e9 republice<br \/>\n<span style=\"color: #777777;\"><strong>10:20 &#8211; 10:40 RNDr. Magdalena Uv\u00edrov\u00e1 a MUDr. Jan V\u0161eti\u010dka<\/strong><\/span><br \/>\nGenetick\u00e9 minimum pro praktiky<br \/>\n<span style=\"color: #777777;\"><strong>10:40 &#8211; 10:50 Diskuze<\/strong><\/span><\/p>\n<p><span style=\"color: #017bc4;\">10:50 &#8211; 11:30 Coffee break<\/span><\/p>\n<h3><span style=\"color: #e30d7d;\">11:30 &#8211; 12:20 BLOK III.<\/span><\/h3>\n<h4>Preventivn\u00ed medic\u00edna<\/h4>\n<p><span style=\"color: #777777;\"><strong>11:30 &#8211; 11:50 MUDr. Hana Krej\u010d\u00ed<\/strong><\/span><br \/>\nN\u00edzkosacharidov\u00e1 strava nejen v l\u00e9\u010db\u011b diabetu<br \/>\n<span style=\"color: #777777;\"><strong>11:50 &#8211; 12:10 Mgr. \u0160\u00e1rka \u0160m\u00eddov\u00e1 <\/strong><\/span><br \/>\n\u00daloha sestry v edukaci diabetika, disease management<br \/>\n<span style=\"color: #777777;\"><strong>12:10 &#8211; 12:20 Diskuze<\/strong><\/span><\/p>\n<p>P\u0159ed\u00e1n\u00ed v\u00fdro\u010dn\u00ed ceny prof. K\u00f6lbela za mimo\u0159\u00e1dn\u00fd p\u0159\u00ednos v p\u00e9\u010di o pacienty v EUC a.s.<\/p>\n<p><span style=\"color: #017bc4;\">13:00 &#8211; 14:00 Ob\u011bd<\/span><\/p>\n<h3><span style=\"color: #e30d7d;\">14:00 &#8211; 15:20 BLOK IV.<\/span><\/h3>\n<h4>Etika a pr\u00e1vo v medic\u00edn\u011b<\/h4>\n<p><span style=\"color: #777777;\"><strong>14:00 &#8211; 14:20 MUDr. et Mgr. Jolana T\u011b\u0161\u00ednov\u00e1 <\/strong><\/span><br \/>\nPr\u00e1vn\u00ed aspekty poskytov\u00e1n\u00ed zdravotn\u00ed p\u00e9\u010de v ambulantn\u00ed praxi<br \/>\n<span style=\"color: #777777;\"><strong>14:20 &#8211; 14:50 MUDr. Radkin Honz\u00e1k, CSc.<\/strong><\/span><br \/>\nHumor v \u017eivot\u011b a medic\u00edn\u011b<br \/>\n<span style=\"color: #777777;\"><strong>14:50 &#8211; 15:10 Mgr. et Mgr. Marek V\u00e1cha, Ph.D.<\/strong><\/span><br \/>\nV\u00fdzvy modern\u00ed biomedic\u00edny v l\u00e9ka\u0159sk\u00e9 etice<br \/>\n<span style=\"color: #777777;\"><strong>15:10 &#8211; 15:20 Diskuze<\/strong><\/span><\/p>\n<p><span style=\"color: #017bc4;\">15:20 &#8211; 15:50 Coffee break<\/span><\/p>\n<h3><span style=\"color: #e30d7d;\">15:50 &#8211; 16:45 BLOK V.<\/span><\/h3>\n<h4>O\u010dkov\u00e1n\u00ed<\/h4>\n<p><span style=\"color: #777777;\"><strong>15:50 &#8211; 16:10 MUDr. RNDr. Franti\u0161ek Stejskal<\/strong><\/span><br \/>\nNej\u010dast\u011bj\u0161\u00ed importovan\u00e9 n\u00e1kazy a jejich prevence<br \/>\n<span style=\"color: #777777;\"><strong>16:10 &#8211; 16:30 doc. MUDr. Rastislav Ma\u010far, Ph.D., MBA, FRCPS <\/strong><\/span><br \/>\nO\u010dkov\u00e1n\u00ed z pohledu cestovn\u00ed medic\u00edny<br \/>\n<span style=\"color: #777777;\"><strong>16:30 &#8211; 16:40 Diskuze<\/strong><\/span><\/p>\n<p><span style=\"color: #017bc4;\">16:40 &#8211; 16:45\u00a0Z\u00e1v\u011br<\/span>[\/vc_column_text][\/vc_column_inner][\/vc_row_inner][vc_row_inner][vc_column_inner][vc_column_text]\n<h3>Fotogalerie<\/h3>\n[\/vc_column_text][vc_images_carousel images=&#8220;223,222,221,220,219,218,217,216,215,214,213,212,211,210,209,208,237,207,206,205,204,203,202,201,200,192,193,194,186,185,188,187,195,196,197,189,190,198,199,191&#8243; img_size=&#8220;full&#8220; slides_per_view=&#8220;6&#8243; hide_pagination_control=&#8220;yes&#8220; wrap=&#8220;yes&#8220;][\/vc_column_inner][\/vc_row_inner][vc_row_inner][vc_column_inner][vc_column_text]\n<h3>Videogalerie<\/h3>\n[\/vc_column_text][vc_column_text][wonderplugin_slider id=&#8220;1&#8243;][\/vc_column_text][mk_padding_divider][\/vc_column_inner][\/vc_row_inner][\/vc_column][\/mk_page_section][mk_page_section][vc_row][vc_column][vc_column_text align=&#8220;center&#8220;]\n<h3 style=\"text-align: center;\">Gener\u00e1ln\u00ed partner<\/h3>\n[\/vc_column_text][vc_row_inner][vc_column_inner][vc_single_image image=&#8220;7&#8243; img_size=&#8220;255&#215;226&#8243; alignment=&#8220;center&#8220; onclick=&#8220;custom_link&#8220; img_link_target=&#8220;_blank&#8220; link=&#8220;http:\/\/www.euc.cz\/&#8220;][mk_padding_divider size=&#8220;10&#8243;][\/vc_column_inner][\/vc_row_inner][\/vc_column][\/vc_row][vc_row][vc_column][vc_column_text align=&#8220;center&#8220;]\n<h3 style=\"text-align: center;\">Partne\u0159i<\/h3>\n[\/vc_column_text][mk_padding_divider][vc_row_inner][vc_column_inner width=&#8220;1\/4&#8243;][vc_single_image image=&#8220;20&#8243; img_size=&#8220;full&#8220; alignment=&#8220;center&#8220; onclick=&#8220;custom_link&#8220; img_link_target=&#8220;_blank&#8220; link=&#8220;http:\/\/ambulance2017.cz\/wp-content\/uploads\/2017\/03\/nove_logo_RGB.png&#8220;][\/vc_column_inner][vc_column_inner width=&#8220;1\/4&#8243;][vc_single_image image=&#8220;94&#8243; img_size=&#8220;full&#8220; alignment=&#8220;center&#8220; onclick=&#8220;custom_link&#8220; img_link_target=&#8220;_blank&#8220; link=&#8220;http:\/\/www.lilly.cz\/cs\/index.aspx&#8220;][\/vc_column_inner][vc_column_inner width=&#8220;1\/4&#8243;][vc_single_image image=&#8220;19&#8243; img_size=&#8220;200&#215;200&#8243; alignment=&#8220;center&#8220; onclick=&#8220;custom_link&#8220; img_link_target=&#8220;_blank&#8220; link=&#8220;http:\/\/www.medicalc.cz\/&#8220;][\/vc_column_inner][vc_column_inner width=&#8220;1\/4&#8243;][vc_single_image image=&#8220;21&#8243; img_size=&#8220;full&#8220; onclick=&#8220;custom_link&#8220; img_link_target=&#8220;_blank&#8220; link=&#8220;http:\/\/www.renomia.cz\/&#8220;][\/vc_column_inner][\/vc_row_inner][vc_row_inner][vc_column_inner width=&#8220;1\/4&#8243;][vc_single_image image=&#8220;93&#8243; img_size=&#8220;full&#8220; alignment=&#8220;center&#8220; onclick=&#8220;custom_link&#8220; img_link_target=&#8220;_blank&#8220; link=&#8220;http:\/\/www.roche.cz\/&#8220;][\/vc_column_inner][vc_column_inner width=&#8220;1\/4&#8243;][mk_padding_divider][vc_single_image image=&#8220;22&#8243; img_size=&#8220;full&#8220; onclick=&#8220;custom_link&#8220; img_link_target=&#8220;_blank&#8220; link=&#8220;https:\/\/www.vzp.cz\/&#8220;][\/vc_column_inner][vc_column_inner width=&#8220;1\/4&#8243;][\/vc_column_inner][vc_column_inner width=&#8220;1\/4&#8243;][\/vc_column_inner][\/vc_row_inner][\/vc_column][\/vc_row][vc_row][vc_column][mk_padding_divider][vc_column_text align=&#8220;center&#8220;]\n<h4><\/h4>\n[\/vc_column_text][vc_column_text align=&#8220;center&#8220;]\n<h4><\/h4>\n[\/vc_column_text][vc_row_inner][vc_column_inner][mk_padding_divider size=&#8220;60&#8243;][vc_column_text]\n<h3 style=\"text-align: center;\">Medi\u00e1ln\u00ed partne\u0159i<\/h3>\n[\/vc_column_text][mk_padding_divider][\/vc_column_inner][\/vc_row_inner][vc_row_inner][vc_column_inner width=&#8220;1\/4&#8243;][\/vc_column_inner][vc_column_inner width=&#8220;1\/4&#8243;][vc_single_image image=&#8220;95&#8243; img_size=&#8220;full&#8220; alignment=&#8220;center&#8220; onclick=&#8220;custom_link&#8220; img_link_target=&#8220;_blank&#8220; link=&#8220;http:\/\/www.florence.cz\/&#8220;][\/vc_column_inner][vc_column_inner width=&#8220;1\/4&#8243;][vc_single_image image=&#8220;75&#8243; img_size=&#8220;full&#8220; alignment=&#8220;center&#8220; onclick=&#8220;custom_link&#8220; img_link_target=&#8220;_blank&#8220; link=&#8220;http:\/\/www.zdravotnickenoviny.com\/&#8220;][\/vc_column_inner][vc_column_inner width=&#8220;1\/4&#8243;][\/vc_column_inner][\/vc_row_inner][\/vc_column][\/vc_row][vc_row][\/vc_row][vc_column][\/vc_column][vc_column_text][\/vc_column_text][\/mk_page_section]\n<p style=\"margin: 0; margin-bottom: 2rem; padding: 0; font-size: 12px; text-align: center;\"><a href=\"https:\/\/www.ambulance21.cz\/zasady_ochrany_osobnich_udaju.pdf\" target=\"_blank\" rel=\"noopener\">Ochrana osobn\u00edch \u00fadaj\u016f<\/a><\/p>\n","protected":false},"excerpt":{"rendered":"<p>[mk_page_section][vc_column][vc_row_inner][vc_column_inner width=&#8220;1\/2&#8243;][vc_column_text] 2. CELOST\u00c1TN\u00cd KONFERENCE AMBULANTN\u00cd P\u00c9\u010cE Druh\u00fd ro\u010dn\u00edk celost\u00e1tn\u00ed konference ambulantn\u00ed p\u00e9\u010de, ur\u010den\u00fd l\u00e9ka\u0159\u016fm a sestr\u00e1m, se konal ve \u010dtvrtek 2. listopadu 2017 v prostor\u00e1ch OK syst\u00e9m na adrese: Na Pankr\u00e1ci 1690\/125, Praha 4. Konference se z\u00fa\u010dastnilo 153 \u00fa\u010dastn\u00edk\u016f v\u010d. organiza\u010dn\u00edho v\u00fdrobu, p\u0159edn\u00e1\u0161ej\u00edc\u00edch a vystavovatel\u016f. P\u0159edn\u00e1\u0161ky druh\u00e9ho ro\u010dn\u00edku konference byly na aktu\u00e1ln\u00ed t\u00e9mata, jmenujme [&hellip;]<\/p>\n","protected":false},"author":5,"featured_media":0,"parent":34,"menu_order":0,"comment_status":"closed","ping_status":"closed","template":"","meta":{"footnotes":""},"_links":{"self":[{"href":"https:\/\/www.ambulance21.cz\/wp-json\/wp\/v2\/pages\/18"}],"collection":[{"href":"https:\/\/www.ambulance21.cz\/wp-json\/wp\/v2\/pages"}],"about":[{"href":"https:\/\/www.ambulance21.cz\/wp-json\/wp\/v2\/types\/page"}],"author":[{"embeddable":true,"href":"https:\/\/www.ambulance21.cz\/wp-json\/wp\/v2\/users\/5"}],"replies":[{"embeddable":true,"href":"https:\/\/www.ambulance21.cz\/wp-json\/wp\/v2\/comments?post=18"}],"version-history":[{"count":27,"href":"https:\/\/www.ambulance21.cz\/wp-json\/wp\/v2\/pages\/18\/revisions"}],"predecessor-version":[{"id":1123,"href":"https:\/\/www.ambulance21.cz\/wp-json\/wp\/v2\/pages\/18\/revisions\/1123"}],"up":[{"embeddable":true,"href":"https:\/\/www.ambulance21.cz\/wp-json\/wp\/v2\/pages\/34"}],"wp:attachment":[{"href":"https:\/\/www.ambulance21.cz\/wp-json\/wp\/v2\/media?parent=18"}],"curies":[{"name":"wp","href":"https:\/\/api.w.org\/{rel}","templated":true}]}}