{"id":13,"date":"2017-07-27T12:57:49","date_gmt":"2017-07-27T11:57:49","guid":{"rendered":"http:\/\/ambulance21.cz\/?page_id=13"},"modified":"2022-11-22T21:42:50","modified_gmt":"2022-11-22T20:42:50","slug":"program","status":"publish","type":"page","link":"https:\/\/www.ambulance21.cz\/program\/","title":{"rendered":"Program"},"content":{"rendered":"[mk_page_section][vc_column][vc_row_inner][vc_column_inner][vc_column_text]\n<h1>Program<\/h1>\n[\/vc_column_text][\/vc_column_inner][\/vc_row_inner][\/vc_column][\/mk_page_section][vc_row][vc_column][vc_column_text]\n<h2 style=\"color: #017bc4; margin-bottom:5em; margin-top:2em;\" align=\"center\">Program pro 7. ro\u010dn\u00edk celost\u00e1tn\u00ed konference<br \/>ambulantn\u00ed p\u00e9\u010de zat\u00edm nen\u00ed k dispozici.<\/h2>\n[\/vc_column_text][\/vc_column][\/vc_row]\n","protected":false},"excerpt":{"rendered":"<p>[mk_page_section][vc_column][vc_row_inner][vc_column_inner][vc_column_text] Program [\/vc_column_text][\/vc_column_inner][\/vc_row_inner][\/vc_column][\/mk_page_section][vc_row][vc_column][vc_column_text] Program pro 7. ro\u010dn\u00edk celost\u00e1tn\u00ed konferenceambulantn\u00ed p\u00e9\u010de zat\u00edm nen\u00ed k dispozici. [\/vc_column_text][\/vc_column][\/vc_row]<\/p>\n","protected":false},"author":5,"featured_media":0,"parent":0,"menu_order":0,"comment_status":"closed","ping_status":"closed","template":"","meta":{"footnotes":""},"_links":{"self":[{"href":"https:\/\/www.ambulance21.cz\/wp-json\/wp\/v2\/pages\/13"}],"collection":[{"href":"https:\/\/www.ambulance21.cz\/wp-json\/wp\/v2\/pages"}],"about":[{"href":"https:\/\/www.ambulance21.cz\/wp-json\/wp\/v2\/types\/page"}],"author":[{"embeddable":true,"href":"https:\/\/www.ambulance21.cz\/wp-json\/wp\/v2\/users\/5"}],"replies":[{"embeddable":true,"href":"https:\/\/www.ambulance21.cz\/wp-json\/wp\/v2\/comments?post=13"}],"version-history":[{"count":236,"href":"https:\/\/www.ambulance21.cz\/wp-json\/wp\/v2\/pages\/13\/revisions"}],"predecessor-version":[{"id":1368,"href":"https:\/\/www.ambulance21.cz\/wp-json\/wp\/v2\/pages\/13\/revisions\/1368"}],"wp:attachment":[{"href":"https:\/\/www.ambulance21.cz\/wp-json\/wp\/v2\/media?parent=13"}],"curies":[{"name":"wp","href":"https:\/\/api.w.org\/{rel}","templated":true}]}}